{"id":121,"date":"2018-03-02T16:20:51","date_gmt":"2018-03-02T15:20:51","guid":{"rendered":"http:\/\/cmppredogt.cluster005.ovh.net\/?page_id=121"},"modified":"2025-05-13T13:40:07","modified_gmt":"2025-05-13T12:40:07","slug":"poisson-rouge","status":"publish","type":"page","link":"https:\/\/www.cmppredon.fr\/?page_id=121","title":{"rendered":"Poisson Rouge"},"content":{"rendered":"<p><a href=\"http:\/\/cmppredogt.cluster005.ovh.net\/wp-content\/uploads\/2018\/03\/LOGO.png\"><img decoding=\"async\" class=\"size-medium wp-image-139 aligncenter\" src=\"http:\/\/cmppredogt.cluster005.ovh.net\/wp-content\/uploads\/2018\/03\/LOGO-300x60.png\" alt=\"\" width=\"300\" height=\"60\" srcset=\"https:\/\/www.cmppredon.fr\/wp-content\/uploads\/2018\/03\/LOGO-300x60.png 300w, https:\/\/www.cmppredon.fr\/wp-content\/uploads\/2018\/03\/LOGO.png 629w\" sizes=\"(max-width: 300px) 100vw, 300px\" \/><\/a><\/p>\n<h3>Le Poisson ROUGE est ferm\u00e9 pendant les vacances scolaires.<\/h3>\n<h3><\/h3>\n<h3><span style=\"color: #ff0000;\">Poisson Rouge tous les jeudis de 10 h \u00e0 12 h<\/span><\/h3>\n<h3><span style=\"color: #ff0000;\"> (hors vacances scolaires)<\/span><\/h3>\n<h3><span style=\"color: #ff0000;\">Nouvelle adresse \u00e0 la Maison de l&rsquo;Enfance<\/span><\/h3>\n<h3><span style=\"color: #ff0000;\">entr\u00e9e Rue de Galerne \u00e0 Redon<\/span><\/h3>\n<p><span style=\"color: #008000;\">Accueille les enfants de 0 \u00e0 4 ans, accompagn\u00e9s d\u2019un adulte : p\u00e8re, m\u00e8re, assistant(e) maternel(le)\u2026 et les futurs parents.<\/span><\/p>\n<p><span style=\"color: #008000;\">Les enfants et les parents sont re\u00e7us par des \u00ab accueillants \u00bb : psychologues,\u00a0 psychomotriciennes\u2026<\/span><\/p>\n<p><span style=\"color: #008000;\">Ce lieu d\u2019\u00e9changes et de jeux leur permet un cadre de rencontres avec d\u2019autres enfants, d\u2019autres parents et des professionnels. Le Poisson Rouge est \u00e9galement un temps o\u00f9 parents et enfants peuvent venir d\u00e9poser leurs appr\u00e9hensions singuli\u00e8res, leurs difficult\u00e9s et leurs questionnements.<\/span><\/p>\n<p><span style=\"color: #008000;\">L\u2019anonymat est respect\u00e9, la participation est libre\u2026<\/span><\/p>\n","protected":false},"excerpt":{"rendered":"<p>Le Poisson ROUGE est ferm\u00e9 pendant les vacances scolaires. Poisson Rouge tous les jeudis de 10 h \u00e0 12 h (hors vacances scolaires) Nouvelle adresse \u00e0 la Maison de l&rsquo;Enfance entr\u00e9e Rue de Galerne \u00e0 Redon Accueille les enfants de 0 \u00e0 4 ans, accompagn\u00e9s d\u2019un adulte : p\u00e8re, m\u00e8re, assistant(e) maternel(le)\u2026 et les futurs [&hellip;]<\/p>\n","protected":false},"author":1,"featured_media":0,"parent":0,"menu_order":5,"comment_status":"closed","ping_status":"closed","template":"","meta":{"footnotes":""},"class_list":["post-121","page","type-page","status-publish","hentry","post"],"_links":{"self":[{"href":"https:\/\/www.cmppredon.fr\/index.php?rest_route=\/wp\/v2\/pages\/121","targetHints":{"allow":["GET"]}}],"collection":[{"href":"https:\/\/www.cmppredon.fr\/index.php?rest_route=\/wp\/v2\/pages"}],"about":[{"href":"https:\/\/www.cmppredon.fr\/index.php?rest_route=\/wp\/v2\/types\/page"}],"author":[{"embeddable":true,"href":"https:\/\/www.cmppredon.fr\/index.php?rest_route=\/wp\/v2\/users\/1"}],"replies":[{"embeddable":true,"href":"https:\/\/www.cmppredon.fr\/index.php?rest_route=%2Fwp%2Fv2%2Fcomments&post=121"}],"version-history":[{"count":25,"href":"https:\/\/www.cmppredon.fr\/index.php?rest_route=\/wp\/v2\/pages\/121\/revisions"}],"predecessor-version":[{"id":498,"href":"https:\/\/www.cmppredon.fr\/index.php?rest_route=\/wp\/v2\/pages\/121\/revisions\/498"}],"wp:attachment":[{"href":"https:\/\/www.cmppredon.fr\/index.php?rest_route=%2Fwp%2Fv2%2Fmedia&parent=121"}],"curies":[{"name":"wp","href":"https:\/\/api.w.org\/{rel}","templated":true}]}}