{"id":32,"date":"2015-11-12T16:57:29","date_gmt":"2015-11-12T15:57:29","guid":{"rendered":"http:\/\/cmppredogt.cluster005.ovh.net\/?page_id=32"},"modified":"2025-05-13T13:54:08","modified_gmt":"2025-05-13T12:54:08","slug":"accueil","status":"publish","type":"page","link":"https:\/\/www.cmppredon.fr\/","title":{"rendered":"Le CMPP"},"content":{"rendered":"\n<div class=\"wp-block-cover aligncenter is-light is-position-center-center\" style=\"min-height:250px;aspect-ratio:unset;\"><img fetchpriority=\"high\" decoding=\"async\" width=\"800\" height=\"490\" class=\"wp-block-cover__image-background wp-image-391\" alt=\"\" src=\"http:\/\/cmppredogt.cluster005.ovh.net\/wp-content\/uploads\/2021\/12\/canstockphoto5193932.jpg\" style=\"object-position:100% 75%\" data-object-fit=\"cover\" data-object-position=\"100% 75%\" srcset=\"https:\/\/www.cmppredon.fr\/wp-content\/uploads\/2021\/12\/canstockphoto5193932.jpg 800w, https:\/\/www.cmppredon.fr\/wp-content\/uploads\/2021\/12\/canstockphoto5193932-300x184.jpg 300w, https:\/\/www.cmppredon.fr\/wp-content\/uploads\/2021\/12\/canstockphoto5193932-768x470.jpg 768w\" sizes=\"(max-width: 800px) 100vw, 800px\" \/><span aria-hidden=\"true\" class=\"wp-block-cover__background has-white-background-color has-background-dim-20 has-background-dim\"><\/span><div class=\"wp-block-cover__inner-container is-layout-flow wp-block-cover-is-layout-flow\">\n<p><\/p>\n<\/div><\/div>\n\n\n<div>\u00a0<\/div>\n\n\n<figure class=\"wp-block-gallery alignright has-nested-images columns-default is-cropped wp-block-gallery-1 is-layout-flex wp-block-gallery-is-layout-flex\">\n<figure class=\"wp-block-image size-full is-style-default\"><a href=\"https:\/\/www.cmppredon.fr\/?page_id=121\"><img decoding=\"async\" width=\"629\" height=\"126\" data-id=\"139\" src=\"https:\/\/www.cmppredon.fr\/wp-content\/uploads\/2018\/03\/LOGO.png\" alt=\"\" class=\"wp-image-139\" srcset=\"https:\/\/www.cmppredon.fr\/wp-content\/uploads\/2018\/03\/LOGO.png 629w, https:\/\/www.cmppredon.fr\/wp-content\/uploads\/2018\/03\/LOGO-300x60.png 300w\" sizes=\"(max-width: 629px) 100vw, 629px\" \/><\/a><\/figure>\n<\/figure>\n\n\n<p><span style=\"color: #0000ff;\">Au CMPP \u00e0 Redon, l\u2019accueil est assur\u00e9 plus sp\u00e9cifiquement par les secr\u00e9taires. <\/span><\/p>\n<p><span style=\"color: #0000ff;\">Le diagnostic et le traitement sont effectu\u00e9s par une \u00e9quipe assurant, sous la responsabilit\u00e9 du m\u00e9decin, les diff\u00e9rentes approches th\u00e9rapeutiques suivantes :\u00a0<\/span><\/p>\n<p style=\"text-align: left;\"><span style=\"color: #0000ff;\">&#8211; p\u00e9dopsychiatrie<\/span><br \/><span style=\"color: #0000ff;\">&#8211; psychoth\u00e9rapie<\/span><br \/><span style=\"color: #0000ff;\">&#8211; psychanalyse<\/span><br \/><span style=\"color: #0000ff;\">&#8211; orthophonie<\/span><br \/><span style=\"color: #0000ff;\">&#8211; psychomotricit\u00e9<\/span><br \/><span style=\"color: #0000ff;\">&#8211; th\u00e9rapie familiale psychanalytique<\/span><br \/><span style=\"color: #0000ff;\">&#8211; groupe th\u00e9rapeutique<\/span><\/p>\n<p style=\"text-align: left;\"><span style=\"color: #0000ff;\">Pendant toute la dur\u00e9e du traitement, l\u2019enfant vient en consultation le plus g\u00e9n\u00e9ralement une fois par semaine, pour un rendez-vous d\u2019environ trois quarts d\u2019heure.<\/span><\/p>\n<p style=\"text-align: left;\"><span style=\"color: #0000ff;\">Le CMPP de Redon, ouvert depuis avril 1977, est g\u00e9r\u00e9 par une association loi 1901 \u00e0 but non lucratif et reconnue d&rsquo;utilit\u00e9 publique : Les Oeuvres Sociales et Hospitali\u00e8res de l&rsquo;O.S.J.<\/span><\/p>\n<p style=\"text-align: left;\"><span style=\"color: #0000ff;\">Cette association g\u00e8re \u00e9galement le CMPP de Brest, le CMPP de Vitr\u00e9, l&rsquo;ESAT St-Yves \u00e0 Plouray et l&rsquo;ESAT de St Jean sur Couesnon.<\/span><\/p>\n<p style=\"text-align: left;\"><span style=\"color: #0000ff;\"><strong>Comment prendre Rendez-vous ?<\/strong><\/span><br \/><span style=\"color: #0000ff;\">Quelle que soit la personne qui vous a donn\u00e9 le conseil de consulter, c\u2019est \u00e0 vous parents de prendre rendez-vous en vous adressant directement \u00e0 notre secr\u00e9tariat d\u2019accueil, sur place ou par t\u00e9l\u00e9phone.<\/span><\/p>\n<p style=\"text-align: left;\"><span style=\"color: #0000ff;\">Il est \u00e0 votre disposition :<\/span><br \/><span style=\"color: #0000ff;\">le lundi de 8 h 30 \u00e0 12 h 00 et de 15 h 15 \u00e0 17 h 45<\/span><\/p>\n<p style=\"text-align: left;\"><span style=\"color: #0000ff;\">le mardi et jeudi de 8 h 30 \u00e0 17 h 45<\/span><\/p>\n<p style=\"text-align: left;\"><span style=\"color: #0000ff;\">le mercredi de 9 h 00 \u00e0 16 h 30<\/span><\/p>\n<p style=\"text-align: left;\"><span style=\"color: #0000ff;\">le vendredi de 8 h 30 \u00e0 12 h 15 et de 13 h 15 \u00e0 16 h 30<\/span><\/p>\n<p style=\"text-align: left;\"><span style=\"color: #0000ff;\">Un adolescent peut solliciter de lui-m\u00eame un rendez-vous. Apr\u00e8s quelques entretiens, vous serez n\u00e9cessairement consult\u00e9s lors de la demande de prise en charge financi\u00e8re adress\u00e9e \u00e0 la Caisse d\u2019Assurance Maladie.<\/span><\/p>\n<p style=\"text-align: left;\"><span style=\"color: #0000ff;\">Les secr\u00e9taires sont \u00e0 votre disposition pour recevoir vos questions.<\/span><\/p>\n<p style=\"text-align: left;\"><span style=\"color: #0000ff;\">L\u2019ensemble du personnel est tenu au secret professionnel, ce qui vous garantit la discr\u00e9tion et la confidentialit\u00e9 des entretiens et des actes.<\/span><\/p>\n\n\n\n\n<p><\/p>\n","protected":false},"excerpt":{"rendered":"<p>\u00a0 Au CMPP \u00e0 Redon, l\u2019accueil est assur\u00e9 plus sp\u00e9cifiquement par les secr\u00e9taires. Le diagnostic et le traitement sont effectu\u00e9s par une \u00e9quipe assurant, sous la responsabilit\u00e9 du m\u00e9decin, les diff\u00e9rentes approches th\u00e9rapeutiques suivantes :\u00a0 &#8211; p\u00e9dopsychiatrie&#8211; psychoth\u00e9rapie&#8211; psychanalyse&#8211; orthophonie&#8211; psychomotricit\u00e9&#8211; th\u00e9rapie familiale psychanalytique&#8211; groupe th\u00e9rapeutique Pendant toute la dur\u00e9e du traitement, l\u2019enfant vient en [&hellip;]<\/p>\n","protected":false},"author":1,"featured_media":0,"parent":0,"menu_order":1,"comment_status":"closed","ping_status":"closed","template":"home-panels.php","meta":{"footnotes":""},"class_list":["post-32","page","type-page","status-publish","hentry","post"],"_links":{"self":[{"href":"https:\/\/www.cmppredon.fr\/index.php?rest_route=\/wp\/v2\/pages\/32","targetHints":{"allow":["GET"]}}],"collection":[{"href":"https:\/\/www.cmppredon.fr\/index.php?rest_route=\/wp\/v2\/pages"}],"about":[{"href":"https:\/\/www.cmppredon.fr\/index.php?rest_route=\/wp\/v2\/types\/page"}],"author":[{"embeddable":true,"href":"https:\/\/www.cmppredon.fr\/index.php?rest_route=\/wp\/v2\/users\/1"}],"replies":[{"embeddable":true,"href":"https:\/\/www.cmppredon.fr\/index.php?rest_route=%2Fwp%2Fv2%2Fcomments&post=32"}],"version-history":[{"count":83,"href":"https:\/\/www.cmppredon.fr\/index.php?rest_route=\/wp\/v2\/pages\/32\/revisions"}],"predecessor-version":[{"id":501,"href":"https:\/\/www.cmppredon.fr\/index.php?rest_route=\/wp\/v2\/pages\/32\/revisions\/501"}],"wp:attachment":[{"href":"https:\/\/www.cmppredon.fr\/index.php?rest_route=%2Fwp%2Fv2%2Fmedia&parent=32"}],"curies":[{"name":"wp","href":"https:\/\/api.w.org\/{rel}","templated":true}]}}