{"id":9,"date":"2015-11-09T11:46:47","date_gmt":"2015-11-09T10:46:47","guid":{"rendered":"http:\/\/cmppredogt.cluster005.ovh.net\/?page_id=9"},"modified":"2021-12-21T10:17:48","modified_gmt":"2021-12-21T09:17:48","slug":"les-prises-en-charge","status":"publish","type":"page","link":"https:\/\/www.cmppredon.fr\/?page_id=9","title":{"rendered":"Les prises en charge"},"content":{"rendered":"<p><span style=\"color: #3366ff;\"><strong>Les Consultations<\/strong><\/span><\/p>\n<p><span style=\"color: #3366ff;\">L\u2019enfant et ses<\/span><span style=\"color: #3366ff;\"> parents sont re\u00e7us par le m\u00e9decin p\u00e9dopsychiatre ou par un autre praticien pour faire part de leurs difficult\u00e9s et les aider \u00e0 se situer dans leur histoire personnelle et familiale.<\/span><\/p>\n<p><span style=\"color: #3366ff;\">Apr\u00e8s ces premiers entretiens et un travail de r\u00e9flexion en \u00e9quipe lors d\u2019une r\u00e9union de synth\u00e8se, un projet de prise en charge sera, avec votre accord, propos\u00e9 \u00e0 votre enfant.<\/span><\/p>\n<p><span style=\"color: #3366ff;\">Selon les cas, il pourra s\u2019agir :<\/span><\/p>\n<p><span style=\"color: #3366ff;\">d\u2019une aide individuelle en psychoth\u00e9rapie, en orthophonie, en psychomotricit\u00e9<\/span><br \/>\n<span style=\"color: #3366ff;\">d\u2019une aide en groupe \u201cLa Ronde des Mots\u201d, \u00ab\u00a0Sc\u00e9nodrame\u00a0\u00bb, \u00ab\u00a0Psychodrame\u00a0\u00bb, &#8230;<\/span><br \/>\n<span style=\"color: #3366ff;\">d\u2019un accompagnement parental<\/span><br \/>\n<span style=\"color: #3366ff;\">d&rsquo;une th\u00e9rapie familiale<\/span><\/p>\n<p><span style=\"color: #3366ff;\">Parall\u00e8lement au travail de l\u2019enfant ou de l\u2019adolescent, vous pouvez \u00eatre re\u00e7us lors d\u2019entretiens propos\u00e9s par un praticien ou \u00e0 votre demande.<\/span><br \/>\n<span style=\"color: #3366ff;\">Si vous le jugez utile, avec votre accord, nous pourrons avoir des contacts avec l\u2019enseignant, votre m\u00e9decin, un travailleur social&#8230;<\/span><\/p>\n<p><span style=\"color: #3366ff;\"><strong>La prise en charge financi\u00e8re<\/strong><\/span><br \/>\n<span style=\"color: #3366ff;\">Les s\u00e9ances sont prises en charge \u00e0 100 %, les familles n\u2019ont pas d\u2019argent \u00e0 avancer. Le prix d\u2019acte fix\u00e9 par les organismes de sant\u00e9, est directement adress\u00e9 au CMPP, sous r\u00e9serve cependant de l\u2019ouverture des droits de l\u2019assur\u00e9. R\u00e9guli\u00e8rement votre caisse d\u2019assurance maladie vous adressera les d\u00e9comptes correspondant aux s\u00e9ances effectu\u00e9es.<\/span><\/p>\n<p><span style=\"color: #3366ff;\">Les six premiers entretiens au CMPP font l\u2019objet d\u2019une d\u00e9marche administrative. Au del\u00e0, le m\u00e9decin du CMPP doit demander une prise en charge au m\u00e9decin-conseil de votre caisse d\u2019Assurance Maladie.<\/span><\/p>\n<p><span style=\"color: #3366ff;\"><strong>La Responsabilit\u00e9 des Parents<\/strong><\/span><br \/>\n<span style=\"color: #3366ff;\">Pour d\u2019\u00e9videntes raisons de s\u00e9curit\u00e9, votre enfant devra \u00eatre accompagn\u00e9 \u00e0 l\u2019heure pr\u00e9vue du rendez-vous jusque dans la salle d\u2019attente et devra \u00eatre repris en fin de s\u00e9ance \u00e0 l\u2019heure convenue.<\/span><\/p>\n<p><span style=\"color: #3366ff;\">Dans certaines circonstances, il est possible de solliciter pr\u00e8s du m\u00e9decin-conseil de votre Caisse d\u2019Assurance Maladie une prise en charge pour les transports. Cependant, le d\u00e9placement des enfants et adolescents s\u2019effectue toujours sous votre responsabilit\u00e9 ou celle du repr\u00e9sentant l\u00e9gal, qu\u2019ils soient accompagn\u00e9s ou qu\u2019ils viennent seuls.<\/span><\/p>\n<p><span style=\"color: #3366ff;\"><strong>Le R\u00e8glement<\/strong><\/span><\/p>\n<p><span style=\"color: #3366ff;\">Le CMPP dispose d\u2019un syst\u00e8me informatique destin\u00e9 \u00e0 g\u00e9rer les dossiers administratifs, \u00e0 \u00e9tablir la facturation aux organismes d\u2019assurance maladie et les statistiques annuelles pour l&rsquo;ARS, ces derni\u00e8res \u00e9tant r\u00e9alis\u00e9es d&rsquo;une mani\u00e8re anonyme.<\/span><\/p>\n<p><span style=\"color: #3366ff;\">Le CMPP a fait une d\u00e9claration aupr\u00e8s de la CNIL, (Commission Nationale Informatique et Libert\u00e9s). Sauf opposition de votre part, certaines informations feront l\u2019objet d\u2019un traitement automatis\u00e9, conform\u00e9ment \u00e0 la Loi Informatique et Libert\u00e9s N\u00b0 78-17 du 6 janvier 1978, et dans le respect du secret m\u00e9dical.<\/span><\/p>\n<p><span style=\"color: #3366ff;\">Sur simple demande, vous pourrez avoir acc\u00e8s aux informations administratives de votre dossier.<\/span><\/p>\n<p><span style=\"color: #3366ff;\">Notre cadre de travail est celui de la loi du 2 janvier 2002 (loi de 1975 r\u00e9nov\u00e9e) et de la loi du 4 mars 2002 concernant le droit des patients.<\/span><\/p>\n","protected":false},"excerpt":{"rendered":"<p>Les Consultations L\u2019enfant et ses parents sont re\u00e7us par le m\u00e9decin p\u00e9dopsychiatre ou par un autre praticien pour faire part de leurs difficult\u00e9s et les aider \u00e0 se situer dans leur histoire personnelle et familiale. Apr\u00e8s ces premiers entretiens et un travail de r\u00e9flexion en \u00e9quipe lors d\u2019une r\u00e9union de synth\u00e8se, un projet de prise [&hellip;]<\/p>\n","protected":false},"author":1,"featured_media":0,"parent":0,"menu_order":3,"comment_status":"closed","ping_status":"closed","template":"","meta":{"footnotes":""},"class_list":["post-9","page","type-page","status-publish","hentry","post"],"_links":{"self":[{"href":"https:\/\/www.cmppredon.fr\/index.php?rest_route=\/wp\/v2\/pages\/9","targetHints":{"allow":["GET"]}}],"collection":[{"href":"https:\/\/www.cmppredon.fr\/index.php?rest_route=\/wp\/v2\/pages"}],"about":[{"href":"https:\/\/www.cmppredon.fr\/index.php?rest_route=\/wp\/v2\/types\/page"}],"author":[{"embeddable":true,"href":"https:\/\/www.cmppredon.fr\/index.php?rest_route=\/wp\/v2\/users\/1"}],"replies":[{"embeddable":true,"href":"https:\/\/www.cmppredon.fr\/index.php?rest_route=%2Fwp%2Fv2%2Fcomments&post=9"}],"version-history":[{"count":8,"href":"https:\/\/www.cmppredon.fr\/index.php?rest_route=\/wp\/v2\/pages\/9\/revisions"}],"predecessor-version":[{"id":373,"href":"https:\/\/www.cmppredon.fr\/index.php?rest_route=\/wp\/v2\/pages\/9\/revisions\/373"}],"wp:attachment":[{"href":"https:\/\/www.cmppredon.fr\/index.php?rest_route=%2Fwp%2Fv2%2Fmedia&parent=9"}],"curies":[{"name":"wp","href":"https:\/\/api.w.org\/{rel}","templated":true}]}}